 of k(-15)?
2, 31
Let v(b) = -9*b - 35. Let q be v(-5). Suppose 4 = -l + 4*w, w = -l - l + q. Suppose -5*n + 5 = 0, 0 = -0*r - l*r - 4*n + 192. What are the prime factors of r?
47
Let w = 102 + -57. Suppose 47*s = w*s + 600. List the prime factors of s.
2, 3, 5
Let i(z) = -11185*z + 11183*z - 2*z**2 + 3*z**2 + 1765. List the prime factors of i(0).
5, 353
Suppose 7 = -g, -4*g - 94166 = -4*l + 45270. List the prime factors of l.
2, 8713
Let g be 672/9 - (7/(-3) + 3). Let x = 21 - g. Let n = 43 - x. List the prime factors of n.
2, 3
List the prime factors of (1444/2527)/(2/186368).
2, 13
Let g = 6465 - 866. What are the prime factors of g?
11, 509
List the prime factors of 3 + -2 + 239162/70 - (-12)/30.
2, 1709
Let q(h) = h**2 + 17*h + 33. Let z be q(-15). Let x be (-2 + 11)/(3/21). Suppose -4*g = -8 - 8, z*g = -o + x. List the prime factors of o.
3, 17
Suppose -128*i + 392439 = -4193929. What are the prime factors of i?
35831
Let o(w) = -242*w + 11256. List the prime factors of o(-95).
2, 17123
Let v be 79 + (-5 - -4)*-2. List the prime factors of v*1*160/30.
2, 3
Suppose 0 = -p - 368 - 175. Let w = p + 791. What are the prime factors of (474/(-4) - -1)*w/(-155)?
2, 47
Let d = 27659 + -13240. What are the prime factors of d?
14419
Suppose -6318 = -2*v - 20*p + 22*p, -2*v + 6346 = 5*p. What are the prime factors of v?
3163
Suppose -3*c = -3*g + 6, 9*g - 13 = 4*g + 2*c. Suppose g*z = 16*z - 22841. What are the prime factors of z?
7, 251
Let w(j) = j**2 - 18*j + 94. Let k be 10/(-45) - (1 + (-1038)/54). List the prime factors of w(k).
2, 47
Suppose 1 = -4*t + 3*k, 4*t = k + 9 - 4. Suppose i - 2*p = 350, -5 = -t*p + 7*p. List the prime factors of i.
2, 3, 29
Let z(i) = 6*i**3 - 2*i**2 - 3*i - 2. Let o be z(5). Suppose 1901 = 6*n + o. List the prime factors of n.
7, 29
Suppose -5*y + 25 = 0, 2*y - 2 + 8 = -t. Let x be (t/(-3))/((-6)/369). Let m = -96 - x. What are the prime factors of m?
2, 29
Let m be (-4)/12*9*2. Let g(r) = r**2 + 3*r - 15. Let i be g(m). List the prime factors of -1 - (-4)/6*(i + 174).
3, 13
Let q be 1/(3/6)*12. Suppose 4*w - q = 8*w. What are the prime factors of (320/w)/((-20)/(-12) + -2)?
2, 5
Let m = -26 - -29. Let q be (-7)/(-1) + (1 - m). Suppose 0 = -h + r + 2, -q*h = -r - 2*r - 14. What are the prime factors of h?
2
Let t(n) be the third derivative of -45*n**4/8 + 9*n**3/2 - 2*n**2 - 51. List the prime factors of t(-8).
3, 41
Let j(t) = -2*t**3 - 77*t**2 + 36*t + 76. Let d be (-398)/10 - (11/5 - 3). What are the prime factors of j(d)?
193
Let m(v) = -v**2 - v + 3. Let k be m(-3). Let h(y) = -13 - 119*y + 69*y - 1 + 1. What are the prime factors of h(k)?
137
Suppose 17*p - 18 = 8*p. Suppose 0 = p*b - 35*b + 37422. What are the prime factors of b?
2, 3, 7
Suppose -3*f - 34853 = -2*h, -5*h = 2*f - 5992 - 81169. List the prime factors of h.
17431
Let l(z) = -2*z**2 - 6*z + 2. Let r be l(-3). Suppose -r*x = -10*x - 0*x. What are the prime factors of 126 + 3 + x/2?
3, 43
Let d = -28 - -30. Let l be (2*139)/(d - 1). Suppose -4*i + o + l = 0, 19 = -5*i + 2*o + 368. What are the prime factors of i?
3, 23
Suppose 2*m - 3386 = -2*y + 2290, -14211 = -5*y + 2*m. What are the prime factors of y?
3, 947
List the prime factors of (8/(-12))/((4/(-98))/((-129645)/(-105))).
7, 43, 67
Suppose 0 = w - 4 - 0, k = -4*w + 18. Suppose 4*m - 14 = -2*q, -2*q + 0*m = -4*m + k. Suppose -5 = -3*n - 2*n, q*r = 3*n + 471. List the prime factors of r.
2, 79
Let o(m) = -m**3 - 4*m**2 + 4*m - 2. Let i be o(-5). Let n(z) = -1 - 50*z**i + 462*z - 3*z**2 - 464*z + z**2. What are the prime factors of n(-1)?
7
Suppose 3*u = -2*o + 173608, 17*o + 332498 = 4*u + 101178. List the prime factors of u.
2, 3, 2411
Let p(i) = 21*i**2 - 31*i**2 - i**3 - 5*i - 4*i + 2. Let w be p(-9). What are the prime factors of -36*(0 - w/4)?
2, 3
Suppose p + 2*f + 12 = -4*p, 2*p + 5*f - 12 = 0. Let g be -227 + 7/((-14)/p). List the prime factors of 2*(g/(-10) + 3).
3, 17
Let p(w) be the first derivative of -w**2/2 + 25*w + 20. Let i be p(-20). List the prime factors of (414/(-45))/((-6)/i).
3, 23
Suppose 5*r - 240 = 5*k, 0 = 2*r + k + 3*k - 90. Suppose -4*i - r = -19. Let w(m) = -5*m + 3. What are the prime factors of w(i)?
2, 19
Let k(m) = m**3 - m**2 - 47*m + 430. What are the prime factors of k(17)?
5, 23, 37
Let i be (5/10)/(2 - (-2879)/(-1440)). Suppose -5*a + i = s, 4*a = s - 0*a - 693. What are the prime factors of (-2)/4 + s/6?
3, 13
Suppose 38*m = 19*m + 106267. List the prime factors of m.
7, 17, 47
Let s = 1760 - 1106. Let k = s + -140. What are the prime factors of k?
2, 257
Let j be (20/(-3))/(8/(-12)). Suppose j*f - 3872 = 1928. What are the prime factors of f?
2, 5, 29
Let q(o) = -14*o + 20*o - 1 - 8*o. Let w(t) = -17*t - 9. Let s(y) = -5*q(y) + w(y). What are the prime factors of s(-11)?
73
Suppose c = -7*n + 2*n + 16, c = -n. Suppose -n*w + 102 = -914. What are the prime factors of w?
2, 127
Suppose 101 = 7*d - 214. Suppose -123*q - d = -126*q. List the prime factors of q.
3, 5
Suppose 45*n - 25*n - 23*n + 15114 = 0. List the prime factors of n.
2, 11, 229
Suppose 5*x = 4*x - 5*v + 19, 5*v = 2*x + 37. What are the prime factors of ((-1880)/(-60))/(2 - (-11)/x)?
2, 47
What are the prime factors of (9 - (-30)/5)*64792/42?
2, 5, 13, 89
Suppose n - 4*k - 3964 = 2627, 3*n = k + 19817. What are the prime factors of n?
6607
Let c(d) = d**3 - 46*d**2 - 5*d - 928. What are the prime factors of c(56)?
2, 3769
Let n(o) = 2*o**2 - 22*o + 5. Let a(i) = i**3 - 14*i**2 + i - 9. Let z be a(14). Let p be -4 - (1 - 80/z). What are the prime factors of n(p)?
5
Let f(z) = 2*z**2 - 17*z - 14. Let t be f(14). Let m = t - -994. Suppose 0 = -3*o - 4*o + m. What are the prime factors of o?
2, 3
Let z = 506 + 471. List the prime factors of z.
977
Suppose 193*b - 165*b - 3175508 = -238*b. What are the prime factors of b?
2, 47, 127
Suppose -q + 847 = 5*w - 8*w, 3*q = -2*w + 2585. Suppose p + 13*v - 14*v = q, 2*v = -p + 847. What are the prime factors of p?
3, 5, 19
What are the prime factors of (3673 + -2)/((-15)/(-6) - 2)?
2, 3671
Suppose -18 = w - 2*z + z, -w - 22 = -2*z. What are the prime factors of w/(-8) + -2 - 34100/(-80)?
2, 3, 71
Let y(w) = w**3 + 7*w**2 + 3*w - 15. Let c be y(-6). Let g be 4/18 + (-3994)/(-9). List the prime factors of (-1 - 1) + g/c.
2, 73
What are the prime factors of (4 - ((-74094)/15 - 3)) + (-12)/(-30)?
3, 17, 97
Let p(a) = 21*a - 79. Let m be p(6). Suppose -m*i = -58*i + 726. List the prime factors of i.
2, 3, 11
Suppose 4*m = -5*w - 41, -4*m + 9 = -8*w + 3*w. List the prime factors of 11/(-22) - -2*(-607)/m.
3, 101
Suppose -2*o + 31 = 3*o - 2*f, -10 = -5*o - 5*f. Suppose -3*j = 3*l - 1353, -j + 1138 = -o*l + 3381. List the prime factors of l.
449
Let k = -11 + 28. Let u be k*13 + 40/20. Suppose 0 = -5*b - 5, -5*y + 5*b + u = -177. What are the prime factors of y?
79
Suppose -2*f = f - 27. Suppose 0*c = f*c - 54. Let n(a) = 2*a**3 - 10*a**2 + 6*a + 20. List the prime factors of n(c).
2
Let y(p) = 26*p + 96. Let u be y(6). Let z = -8 + u. List the prime factors of z.
2, 61
Let x(j) = 3*j**2 - 3*j + 14. Let o be 1/2 - 58/4. Let k be o/(-3) - 4 - (-26)/6. What are the prime factors of x(k)?
2, 37
Suppose -l = -2*n + 42051 + 43995, -5*n = -2*l - 215114. What are the prime factors of n?
2, 7, 439
List the prime factors of ((-41964)/30)/(2 + 24/(-10)).
13, 269
Let a be 140/44 - 8/44. Suppose 0 = -a*n + 26 - 5. What are the prime factors of (n/7)/((-1)/(-59))?
59
Let a(h) = h**2 + h + 22. Let x be a(10). Let l = 236 - x. What are the prime factors of l?
2, 13
Suppose -1 + 18 = -3*q - 4*m, 5*m + 1 = 3*q. Let a be (4 - 8)/(6/(q*1)). Suppose -4*v + 5*t = -747, a*v - 4*t - 282 - 96 = 0. List the prime factors of v.
3, 61
Suppose -2*v - 2*i = -2546, -v - 2*i + 0*i = -1268. Suppose -11*k = -5*k - v. Suppose 0 = 4*b - 335 - k. List the prime factors of b.
137
What are the prime factors of (-65)/(-780) - (-83351)/12?
2, 23, 151
Let i = -464 - -482. List the prime factors of (3/i*-2)/((-1)/1554).
2, 7, 37
Suppose 0 = -32*q - 34*q + 365904. What are the prime factors of q?
2, 3, 7, 11
Suppose 5*c + 68121 = 3*b, -93872 = -4*b + 4*c - 3028. List the prime factors of b.
22717
Let g(d) = 7*d + 8. Let c be g(-2). Let k be ((-756)/(-70))/(c/(-100)). Suppose 0 = -t - p + k, 5*p - 